 = -r - 1. Let o(g) = -g**2 + 9*g - 4. Let s be (-6 - -4)/((-2)/4). Let a be s/(2/8*2). Let w be o(a). Calculate z(w).
-5
Let p(j) = -10*j - 1. Let g(t) = t + 19. Let q be g(-20). Determine p(q).
9
Let h(f) = f**2 + f - 3. Let u(i) be the third derivative of -i**5/60 - i**4/12 + 2*i**3/3 + 4*i**2. Let z(x) = 4*h(x) + 3*u(x). Determine z(1).
-1
Suppose 3*v - 4 = 5, -2*j - 3*v = -1. Let y(k) = 2*k + 13. Let q(m) = m + 6. Let t(w) = 9*q(w) - 4*y(w). What is t(j)?
-2
Let d(r) be the third derivative of r**5/60 - r**4/4 + r**3/2 - 6*r**2. Give d(5).
-2
Let t = 9 + -7. Let w(s) be the third derivative of -s**5/60 - s**4/24 + s**3/6 - s**2. Determine w(t).
-5
Let w(j) = -2*j**2 + 3*j**2 - 2*j - 2*j**2 + 4 + 3*j**3. Let z(d) = -4*d**3 + 2*d**2 + 2*d - 5. Let g(q) = -5*w(q) - 4*z(q). Let t = 17 - 14. Give g(t).
6
Let h(z) = z**2 - z + 2. Suppose -5*c + 18 = -2*m, -2*c + 17 + 7 = -5*m. Let w = -4 - m. Calculate h(w).
2
Let v(w) = w + 16. Let u(i) = 5. Let y(n) = 7*u(n) - 2*v(n). Give y(5).
-7
Suppose 4*q - 12 = -0*q + 4*k, -4*k + 4 = 4*q. Suppose -q*d = d. Suppose y + y = d. Let r(v) = v**2 - v + 4. What is r(y)?
4
Suppose 5*z + 2*g + 31 = 0, 0*z - 2*z - g - 13 = 0. Let n(y) = 3*y - 4 + 4 + y**2. Determine n(z).
10
Suppose -6*o = -o + 20, -4*o - 26 = -5*v. Let n(y) = 4*y - v*y - y + y + 2. Let m be 1/2 - (-30)/(-12). Give n(m).
-2
Let g(d) = d**3. Suppose -3 = -2*m - 7. What is g(m)?
-8
Let r(p) = p**3 - 8*p**2 + 5*p + 5. Suppose -3*n + 29 = 2*j + 2*j, -5*n + 27 = -4*j. Determine r(n).
-9
Let z(w) = -2*w**3 + 2*w**2 - 11*w + 7. Let i(c) = 3*c**3 - 5*c**2 + 21*c - 13. Let b(j) = 3*i(j) + 5*z(j). What is b(-6)?
-16
Let j(w) = 3*w**2 - 5*w + 3. Let a(u) = -2*u**2 + 3*u - 2. Let d(p) = 5*a(p) + 3*j(p). Let f be d(-1). Let t(s) = -2*s + s**2 + 2 - 5 - 2*s**2. What is t(f)?
-3
Let u(z) = -2*z**2 - 6*z + z + 3*z + z**3 + 2. Suppose -3*y + 1 = -2*i, -2*y - i - 3*i + 22 = 0. Calculate u(y).
5
Let a(n) = n + 2. Let w(g) = 3*g - 1. Let m(y) = -13*y + 5. Let l(i) = 2*m(i) + 9*w(i). Let q(z) = 3*a(z) - 2*l(z). Give q(0).
4
Let m = 2 + -6. Let y(d) = -d**3 - 5*d**2 - 3*d - 1. Calculate y(m).
-5
Let f(b) = 4*b**2 - 17*b - 5. Let x(p) = -p**2 + 4*p + 1. Let w(t) = -4*f(t) - 18*x(t). Calculate w(4).
18
Let t be 6*(-1 + 2 - 2). Let j(q) be the third derivative of q**4/24 - q**3/6 + q**2 - 6*q. What is j(t)?
-7
Let s(x) be the first derivative of 2*x**3/3 - x**2 + x - 33. What is s(2)?
5
Let l(h) be the second derivative of -h**4/12 - h**3 - h**2 - 2*h. Suppose -7*i = -6*i + 5. Give l(i).
3
Let q = 19 + -19. Let w(o) = -o**2 - o + 9. Give w(q).
9
Suppose -3*v - 6 = 2*u + u, -3 = u. Let t be v/4 + (-3)/(-4). Let w(x) = 8*x**2 - 2*x + 1. What is w(t)?
7
Suppose 4*n + 3*y + 7 = -2, 9 = -3*y. Let x(q) = 6 + 5 - 14*q + 15*q. Give x(n).
11
Suppose 0 = v + 3*n + 19, 40 = -3*v - 2*v - 4*n. Let q(c) = 2*c + 2. Let a be q(v). Let o(p) = 2*p + 6. What is o(a)?
-6
Suppose -7 = -3*z + 14. Let r = -3 + z. Let m(t) = -4*t**2 + 3*t + 8. Let i(y) = 11*y**2 - 9*y - 23. Let b(l) = -3*i(l) - 8*m(l). What is b(r)?
1
Let z(d) = 9*d + 18. Let p(r) = r + 2 + 3*r + 0 + 7. Let f(x) = 13*p(x) - 6*z(x). Let l(g) = g**2 - 5*g - 8. Let a be l(7). Calculate f(a).
-3
Let i(t) = -6 - 21*t + 42*t - 20*t. Calculate i(-6).
-12
Let b = -82 - -89. Let w(n) = n**2 - 7*n - 2. Determine w(b).
-2
Let n(o) = o**3 - 3*o**2 + 2*o. Let r = -40 + 42. Give n(r).
0
Let i = 7 + -7. Let u(n) = -n**3 - n + 9. Determine u(i).
9
Let k = -5 + 9. Suppose -3*s + g - 4 = -k*g, 5*g - 10 = 0. Suppose 0 = f - 1 - s. Let c(l) = -4*l + 3. Give c(f).
-9
Let x(n) = 5*n + 5. Let f(g) = g. Let o be 2/(0 + -2) - -2. Let c(q) = o*x(q) - 4*f(q). Determine c(-5).
0
Let i(o) be the third derivative of -o**4/6 - 2*o**3/3 - 7*o**2. Calculate i(3).
-16
Let b(q) = -q**3 + 5*q**2 + 6*q + 3. Let n be b(6). Let h(m) = 2 - n*m - 5*m**2 + 6*m**2 + 0*m. Let x be (3/2)/(2/4). Calculate h(x).
2
Let c(k) be the second derivative of 1/12*k**4 - 5/6*k**3 + 0 - 4*k - k**2. Give c(4).
-6
Let g(j) = -j**3 + 8*j**2 - 8*j - 3. Let i be 2/(-2)*3 + 10. Calculate g(i).
-10
Let a(x) = -4*x - 4. Let o(h) = -6*h**3 - h**2 - h. Let n be o(-1). Let r = n - 9. Let f(v) = -v**2 - 3*v - 3. Let z(g) = r*f(g) + 2*a(g). Calculate z(-1).
3
Suppose 8 = 2*q - 4*s, 0 = 3*q - s + 2 + 1. Let i(l) = -3*l. Give i(q).
6
Suppose -22 = -4*q - 2. Let g(u) be the third derivative of 1/8*u**4 + 0*u + 1/120*u**6 + 2*u**2 + 1/20*u**q + 2/3*u**3 + 0. Determine g(-3).
-5
Let r(m) = m**2 + m + 2. Let q(p) = p**2 - 13*p + 15. Let l be q(12). Suppose 5*t + 3 = l*s, 3*t - 4*s = -0*s + 7. Calculate r(t).
8
Let x(s) be the third derivative of -s**4/24 + 3*s**3/2 + 2*s**2. Let k be x(7). Let g(d) = k - 11*d**2 - 3*d + 4*d - 2. Determine g(-1).
-12
Let y(p) = -p**2 + 3*p + 5*p**2 - 3*p**2. Suppose 2 = -2*i + i. Let s = -3 + i. What is y(s)?
10
Let y(a) = 2*a - 1. Let x be y(2). Let m(i) = i**3 - 3 - 2 - i**3 + i - i**x. What is m(0)?
-5
Let d(m) = 0 + 5*m + 2*m - 6*m + 8. Suppose 4*x + 44 = -4*w, -w + 19 = -4*x - x. Determine d(w).
2
Let o be (3*6)/(1 + 1). Let u = o + -4. Let j(n) be the third derivative of n**5/60 - 5*n**4/24 - n**3/3 + 2*n**2. Give j(u).
-2
Let r(q) be the third derivative of -q**6/720 + q**5/60 + q**4/12 + 2*q**2. Let p(i) be the second derivative of r(i). Determine p(4).
-2
Let x(o) = -o**2 + o + 5. Let m be x(0). Suppose 0 = -m*a + 2*a + 15. Let r(f) = -f + 6. What is r(a)?
1
Let d(l) = 2*l**2 + 2*l - 1. Suppose -3*o + 8*o = 25. Let q = o + -7. What is d(q)?
3
Let r(a) be the first derivative of -a - 1/2*a**2 + 4. What is r(-6)?
5
Suppose -4*z - 3*z = 70. Let v(n) = -n - 23. Determine v(z).
-13
Suppose 20 = 5*a + 5. Suppose 3*z = -0 + a. Let y(r) = z - 4*r + r + 1. Give y(3).
-7
Let j(x) be the second derivative of x**3/2 + 2*x**2 + 6*x + 1. Determine j(-2).
-2
Let u(s) = 2*s**2 + 3 - 3*s**2 + 3*s - s**2 - 2. Determine u(3).
-8
Let o(i) = i + 3. Let q(s) be the second derivative of -s**5/20 - 2*s**4/3 + s**3/6 + s**2 - 2*s. Let j be q(-8). Let r = -11 - j. What is o(r)?
-2
Let y(g) = -g**3 - g**2 - g - 2. Let p be 0 + -1 + 2 + -2. Let i = p + 1. Suppose -x - 3 + 1 = i. Determine y(x).
4
Let y(v) be the first derivative of v**4/4 - 2*v**3/3 - v**2 + v - 1. Give y(3).
4
Let d(a) = -a**3 + 2*a**2 + 5*a - 3. Let t(r) = -r + 3. Let o be t(3). Let s(q) = q**2 - 3*q + 3. Let n be s(3). Suppose 0 = -o*g + g - n. Give d(g).
3
Let n be (0 - -4)*(-3)/(-6). Suppose -n*b + 5*d = -5*b - 4, -d = b. Let c(k) be the first derivative of k**4/4 - 4*k**3/3 + 2*k**2 - 3*k - 1. Calculate c(b).
-3
Suppose 0 = -5*l + 3*l + 2. Let i(c) = 3*c + 9 + l - c - 2. Determine i(-6).
-4
Let f(k) = k**2 - 3*k - 1. Let u be f(4). Let b(h) = 2*h**3 + 1600*h**2 - 2 - 1598*h**2 - 3*h**3. Calculate b(u).
-11
Let i(t) = t**3 + 4*t**2 + 3*t + 3. Let f be (2 + -4 - -2) + -6. Let h = f - -3. Give i(h).
3
Let d(o) = 7*o + 1 + 5*o - 5*o. Calculate d(-1).
-6
Let g(a) = 6*a - 2810*a**3 + 2811*a**3 - 8*a - 1 - 2*a**2. Let b = 14 - 9. Suppose 2*t + 6*w = 3*w - 2, 5*t + b = -2*w. Determine g(t).
-2
Let m be 1 + (0 + 2 - 4). Let n(z) = 4 - 6 - 1 - 2*z + 4. What is n(m)?
3
Let f(o) = -o**2 + 4. Let t be f(-3). Let p(x) = 2*x + 13. Let q be (-3 - -9) + 0/(-2). Let y(a) = 1. Let g(z) = q*y(z) - p(z). Calculate g(t).
3
Let l(y) = -y + 3 - 11 - 2 + y**2. Suppose -5*n - 4*i + 108 = 0, 0 = 3*i - 6. Suppose -14 = 4*s + 5*m + 6, -s - n = 5*m. Calculate l(s).
-10
Let w be 100/45 - -4 - 4/18. Let f(n) = -n**2 + 6*n + 3. What is f(w)?
3
Let y be (-2)/8 - (-19)/(-4). Let k(x) be the second derivative of -x**4/12 - 5*x**3/6 - 3*x**2/2 + 2*x. Determine k(y).
-3
Suppose -4*c - 2 = 2, -2*c = -a + 3. Let k(b) = b**2 - 3*b - 1. Let i(x) = -2*x**2 + 5*x + 2. Suppose -6*u - 20 = -u. Let o(s) = u*i(s) - 7*k(s). Give o(a).
1
Let h(d) = d**3 + 2*d**2 - 5*d - 3. Let l be h(-3). Let c(a) = a + 8. Let r be c(-6). Let q(t) = r - t**2 - 2 + t. Determine q(l).
-6
Let k(u) be the second derivative of 0 - 1/2*u**3 + 3/2*u**2 + 2*u - 1/12*u**4. Let w(i) = i**2 + 5*i - 4. Let m be w(-6). Determine k(m).
-7
Suppose 0 = 2*w - 18 + 24. Let b(s) = -2*s - 1. What is b(w)?
5
Let x(w) be the second derivative of w**5/120 + w**4/3 + 3*w**3/2 + 5*w. Let r(o) be the second derivative of x(o). Calculate r(-6).
2
Let l(o) = o**3 + 3*o**2 - o + 1. Let g(a) = -a**2 + a. L